 a composite number?
False
Let x = 6 + 103. Is x composite?
False
Is (-38)/2*(-13)/13 prime?
True
Suppose -5*c = -10 - 5. Let b(d) = d**3 + d**2 - 1. Is b(c) a prime number?
False
Let g = 1 + -4. Let i be (1 - -68) + g + 3. Let p = -36 + i. Is p prime?
False
Is -2*12/16 + 5146/4 composite?
True
Suppose 2*w - 23 = -2*n - 3*w, -5 = -2*n + w. Suppose -n*v - 87 = -p, p = -5*v + 47 + 22. Is p a composite number?
False
Let c(j) = 3*j**2 + 4*j + 3. Let d be c(4). Let w = d + 24. Is w prime?
False
Is 6944 - (15/(-3) + 2) a composite number?
False
Is (116/4)/((-1)/(-19)) a prime number?
False
Let k(x) = 2*x**2 - 7*x - 16. Is k(11) a prime number?
True
Let y(r) = -r + 8. Let z be y(5). Let u be (-31)/z - (-1)/3. Let c = u - -33. Is c a prime number?
True
Let l = -64 - -114. Suppose l = a - 3*c - 8, -5*c + 270 = 5*a. Is a a composite number?
True
Suppose -6*f + 155 = -f. Is f prime?
True
Let k(p) = p**2 - 8*p + 26. Is k(21) a composite number?
True
Suppose 4*s - 3*g = -53 + 153, 5*s - 4*g - 126 = 0. Let l = s - 8. Is l a composite number?
True
Let l be (-7)/(-2) + (-2)/(-4). Suppose -l*w = w - 955. Is w composite?
False
Let k(z) = z**3 - 3*z**2 - 2*z - 3. Let w be k(4). Suppose -w*a = 541 - 151. Let b = -11 - a. Is b composite?
False
Suppose 0 = -2*a + 240 + 934. Is a a prime number?
True
Let j = 60 + -36. Let y = -231 - j. Is 3 + 2/(-2) - y prime?
True
Suppose -9*j + 5*j + 2444 = 0. Is j a composite number?
True
Let i(j) = -j - 9. Let n be i(-6). Let t(m) = 10*m**2 + 4*m + 1. Is t(n) a prime number?
True
Let l = -3 + 1. Is ((-8)/10)/(l/35) a composite number?
True
Let v = -37 + 70. Is v a composite number?
True
Suppose 3*o - 24 = -3*a, 0*o + o = -4. Suppose 5*z - 4 = -4*t, 0 = 3*t + a. Let c = z - -15. Is c prime?
True
Let s(m) = -6*m**3 + 2*m**2 - 2*m + 7. Is s(-4) a composite number?
False
Let y(u) = u**3 + 17*u**2 - u + 8. Let w be y(-8). Let c = w + -335. Is c a composite number?
False
Let l = -16 + 19. Suppose -5*c - l*k + k + 397 = 0, 4*c + 2*k = 318. Is c prime?
True
Let x(m) be the second derivative of m**4/3 + 11*m**3/6 + 11*m**2/2 + 3*m. Is x(-8) a prime number?
True
Suppose -6 = 3*l + 5*v, 10 = -5*l - 5*v + 3*v. Is (-14)/(-4)*(-76)/l a composite number?
True
Let q(u) = u**2 + 1. Suppose -3*g - 2*g = 0. Let y be q(g). Is (y - -47) + -2 + 0 a composite number?
True
Let k(d) = 230*d**3 + d**2 + d - 1. Let l be k(1). Suppose -64 + l = c. Suppose 4*z - 69 = c. Is z a prime number?
True
Let t = 492 - 117. Suppose t + 966 = 3*n. Is n prime?
False
Suppose -34*i + 35*i - 929 = 0. Is i a prime number?
True
Let c = 7054 - 3367. Is c a composite number?
True
Let h(w) = w**2 + 7*w + 3. Let n be h(-7). Suppose -n*c = c - 56. Is c a prime number?
False
Let n(u) = 4*u + 1139. Is n(0) a composite number?
True
Let j be -1 - -5*(0 - -1). Suppose -k = 3*r - 927, -j*r + 865 + 371 = -k. Suppose 2*v + 3*y = 157, -4*v - 3*y + 2*y = -r. Is v a prime number?
False
Suppose -q + 23 = 5*u - 93, -2*u = 3*q - 49. Let n = 11 + u. Is n prime?
False
Let c(t) = -t + 1. Let l(g) = -5*g + 1. Let j(f) = 6*c(f) - l(f). Let h be j(8). Let x(o) = 9*o**2 - 2*o. Is x(h) a prime number?
False
Let k(b) = -40*b + 8. Let t be k(-8). Let f = t - 185. Is f composite?
True
Let g(b) = -16*b + 12. Let s be g(6). Let n = -35 - s. Is n a prime number?
False
Suppose o + 3*y - 2*y = 1, 3*y + 21 = o. Let s(h) = h**2 - 8*h + 7. Let i be s(o). Let p(f) = -16*f - 1. Is p(i) a composite number?
False
Suppose -p + 0*p = 13. Is (-1)/4 + p/(-4) prime?
True
Suppose -2*v - 689 = -5*w + 272, 758 = 4*w + 2*v. Is w a composite number?
False
Let z be 1*(3/(-3) + 20). Let s be -10*(1 + (-2 - 2)). Suppose z = o - s. Is o a prime number?
False
Let t = 51 - 31. Let g = 34 - t. Is g composite?
True
Is ((-12)/36)/((-1)/1437) prime?
True
Suppose 2*h - 5*s - 329 - 682 = 0, -s = 5. Is h a composite number?
True
Let y = 70 - 50. Suppose 7*g = 3*g + y. Suppose 0 = -p + g*p - 92. Is p a composite number?
False
Let u = 95 - 6. Is u prime?
True
Let u = 0 + -2. Let d = u + 0. Is d/(-8) + (-540)/(-16) a composite number?
True
Let j(c) = -c**3 - 8*c**2 + c + 7. Let h be j(-8). Let u = -2 - -3. Is 8 - h/(u/(-1)) composite?
False
Let w = -6 - -8. Let q be ((-27)/w)/(3/4). Let z = q + 37. Is z a prime number?
True
Suppose 179 = 2*z - z. Is z composite?
False
Suppose -4*s = -z + 207, -3*z = -2*s + 4*s + 107. Suppose -3*w - 3*c = 321, -5*w - 3*c = -0*c + 543. Let t = s - w. Is t a composite number?
False
Let c(s) = 5*s**3 + 3*s**2 - 6*s + 1. Let v be c(4). Let o = v - 226. Is o composite?
True
Suppose -6 = -6*g + 24. Suppose n - g - 26 = 2*p, -4*p = -3*n + 87. Is n composite?
True
Suppose 11 = -g + 2*g. Is g a composite number?
False
Let v be (-26)/8 - 1/(-4). Let d be 0 + v + (3 - -2). Suppose -d*o + 18 = -152. Is o composite?
True
Let x = -1713 - -4528. Is x composite?
True
Let k be (-20 - -2)/((-6)/100). Suppose 5*y + 2*n = -0*n + 479, -3*n = -3*y + k. Is y prime?
True
Let n = 15 + -22. Let w(m) = -m**2 - 7*m + 2. Let t be w(n). Suppose t*x + i = 54, -2*x = i + 4*i - 70. Is x composite?
True
Is 1*1114/2 + -4 a composite number?
True
Suppose 6*b - b - 50 = 0. Let r = -4 + b. Is (-872)/(-6) - 2/r composite?
True
Let b be (-1)/2 - (-343)/(-14). Let j(p) = p - 7. Let u be j(6). Is 0 + 0 + b/u composite?
True
Let h be ((-33)/3*-1)/1. Let g(k) = k + 2*k - 4*k + h. Is g(-8) a composite number?
False
Let f = 3 - 10. Let k = f - -44. Is k composite?
False
Is (10 - 14)*33/(-4) a prime number?
False
Let h be (18 - 1) + -1 + 1. Let a = -6 + h. Is a a composite number?
False
Let k(x) = -18*x - 5. Is k(-9) composite?
False
Suppose 0 = -2*p - 34 + 198. Is p composite?
True
Suppose 0 = -5*i + 5 + 5. Suppose -5*y = -v - 258, -i*v - 57 = -y - 0*y. Is y a composite number?
True
Let r(v) = 77*v**3 + 3*v**2 - 3*v. Let f be r(2). Is -2 - (-6 + 3 - f) composite?
True
Suppose 0*s = s - 11. Let w(a) = 7*a - 6. Is w(s) a prime number?
True
Let s(f) = -f**3 + 3*f**2 + 3*f + 5. Is s(-6) a prime number?
True
Let r(f) = -11*f**2 + 21*f - 9. Let o(k) = -5*k**2 + 11*k - 5. Let d(l) = -9*o(l) + 4*r(l). Let p be d(9). Let a = -24 - p. Is a prime?
False
Suppose -2*c - 2*d + 8 = -0*c, 2*c - 5*d + 6 = 0. Suppose 0 = -a - 4*z + 3*z + 156, c*z = -10. Is a a composite number?
True
Let b = 1398 - -355. Is b a prime number?
True
Let f(p) = -2*p**2 - 1. Let a(v) be the second derivative of v**3/6 - v**2/2 - v. Let g(x) = -5*a(x) - f(x). Is g(-7) a prime number?
True
Is 3/(-15) - (-7)/((-140)/(-8144)) a composite number?
True
Let q = -1014 - -2185. Is q composite?
False
Let z be (0 + -1)*(4 - 93). Suppose -z = -2*q + q. Is q a prime number?
True
Suppose 0 = -4*i + 3*i + 72. Let h be (-207)/6 - (-1)/(-2). Let c = h + i. Is c prime?
True
Let i(w) be the first derivative of 10*w**3/3 + 3*w + 1. Is i(-4) prime?
True
Let c = 1045 - 504. Is c a prime number?
True
Suppose 4*s + 49 - 125 = 0. Suppose -w = -c - 9, w = -4*c - 17 - s. Is (-1 + -38)*3/c a prime number?
True
Let i(f) be the second derivative of -7*f**3/6 - 7*f**2/2 - f. Let c(n) = n**3 - 4*n**2 - 12*n - 6. Let m be c(6). Is i(m) composite?
True
Suppose 12 = -4*j - 2*c, 5*j + 3*c = -0*j - 15. Let i(y) = -y**3 - y**2 + y - 2. Let n be i(0). Is ((-166)/(-3))/(n/j) a composite number?
False
Suppose -l - 5*l - 282 = 0. Is l*(22/(-2) + 4) a prime number?
False
Let r = 0 - -5. Suppose -r*k + 151 = -864. Suppose -k = p - 2*p. Is p composite?
True
Let v = -106 - -587. Is v a prime number?
False
Let k = 447 + -291. Let j be ((-9)/6)/((-2)/k). Let i = j + -70. Is i prime?
True
Is (-18 + 15)*(-3)/((-18)/(-998)) composite?
False
Let b = -11 - -8. Is 336/18 - 1/b composite?
False
Suppose -4*d + 100 = -80. Let a be d/(-20)*(-8)/(-3). Is 70 + a/4*2 a composite number?
False
Let v be 1/(-6) - 2/(-12). Suppose v = -2*w - 0*w + 238. Is w a prime number?
False
Is 136/14 + 2/7 a prime number?
False
Let b = -33 - -146. Suppose 4*i = -5*r + 159, 3*i = 3*r + i - b. Is r a composite number?
True
Let a(z) = 5*z**2 - z. Let b be a(1). Suppose 4*t = -b*r - t + 54, -5*t + 10 = 0. Suppose -2*y + r = -y. Is y composite?
False
Suppose -5*j + 13 = 2*y, -5*y + 4*j + j = -15. Suppose 2*q + 0*q + 3*r = 160, 0 = -5*q + y*r + 423. Is q a composite number?
False
Let x(f) = f - 3. Let k be x(6). Suppose 0 = -2*m - k*m + 15, -3 = 2*j - 3*m. Suppose c - 2